
19
Suppose -15 = 2*m + 21. Let f = m + 25. Suppose f*y - 311 = 2*y + 3*q, 2*y + 5*q = 143. What is the greatest common factor of 8 and y?
8
Suppose -43*h + 46*h = 0. Suppose h = -3*v + 2*f + 97, 7*v + 4*f - 136 = 3*v. Calculate the greatest common factor of v and 11.
11
Suppose 5*p = 6*p - 4*g - 133, -5*p + 617 = -4*g. Suppose 1 = f, -4*w - 2*f + 12 = -34. What is the greatest common factor of p and w?
11
Let c(i) = -15*i**3 - 2*i**2 - i + 2. Let d be c(1). Let x = 29 + d. What is the greatest common divisor of x and 26?
13
Let n(x) = -x**3 + 7*x**2 + 37*x + 30. Let s be n(-12). Calculate the highest common divisor of 54 and s.
54
Suppose z = 3*f + 18, -31*f = -3*z - 26*f + 50. Suppose -124 = -2*o + 2*y, 5*o - 389 + 91 = -y. What is the highest common factor of o and z?
15
Let i(s) = 2*s + 13. Let r be i(6). Suppose 3*u - 1 = 5. Let c(n) = 37*n**2 + n. Let q be c(u). What is the greatest common factor of q and r?
25
Let i = 85 - 83. Suppose 2*t = -i*o + 3*t + 69, -o + 33 = -t. What is the greatest common divisor of o and 12?
12
Let m(b) = -4*b + 15. Let r be m(3). Suppose -224 = -5*t + r*t. Let k(g) = 2*g**3 + g - 2. Let u be k(2). Calculate the greatest common factor of u and t.
16
Let m = 8 - 5. Suppose 4*u = -4*n + 12, 1 = -5*n + m*u - 0*u. Let j be (-1 + 0)*2/(-2). Calculate the greatest common divisor of j and n.
1
Suppose 6*t + 19 = 37. Suppose -y - 5 = -6*y, m - 19 = t*y. Calculate the highest common factor of 4 and m.
2
Let p = -1224 - -1234. Calculate the highest common factor of p and 810.
10
Let w(y) = -y**2 - 9*y + 1. Let u be w(-9). Let o be 2/(u*6)*(-459)/(-9). Let k = -116 + 201. What is the highest common factor of o and k?
17
Suppose 32*s - 1260 = -3*s. What is the highest common divisor of s and 234?
18
Let b = 89 + -69. Let p = 39 + -9. What is the highest common divisor of b and p?
10
Let h = 41 - 29. Let g be ((60/9)/2)/((-20)/(-120)). Calculate the highest common factor of g and h.
4
Let b = -7 - 141. Let s = -221 - b. Let o = -49 - s. What is the greatest common factor of 48 and o?
24
Suppose 2619 = 3*u + 24*u. Calculate the greatest common factor of 1261 and u.
97
Suppose -298 = -9*j - 28. Calculate the highest common divisor of 24 and j.
6
Let u = 15 - 2. Let w = 14 - u. What is the highest common factor of 13 and w?
1
Let v(t) = -35*t + 1. Let n be v(2). Let r(f) = 2*f**3 - f**2 + 4*f + 6. Let z be r(4). Let x = n + z. What is the greatest common factor of 26 and x?
13
Let i = 1237 + -1233. What is the greatest common divisor of i and 4?
4
Let u = -406 - -730. What is the highest common factor of 24 and u?
12
Suppose 0 = g - 4, -4*w + 0*g + g = -4. Suppose 340 = w*t + 2*t. Let o = -17 + 34. Calculate the highest common factor of t and o.
17
Let r be 2310/36 + (-1)/6. Suppose -r = -j + 216. Suppose 3*k = u + 436, 0 = -2*k + u - 3*u + j. What is the highest common divisor of 16 and k?
16
Suppose -4*y - 5*f = -2*f - 297, 3*y + 2*f = 223. Calculate the greatest common divisor of 100 and y.
25
Let f be (-1 + -2)*(-2 + 6 + -193). What is the greatest common divisor of 7 and f?
7
Let n be (56/(-32))/(1/(-28)). Let w(a) = -a**2 - 13*a - 5. Let p be w(-12). Calculate the highest common factor of n and p.
7
Let q = -66 - -86. What is the greatest common divisor of q and 2?
2
Suppose h - 5*q = 26, -65*q + 62*q + 42 = 3*h. What is the greatest common factor of h and 72?
8
Let j(b) = -b**2 + 16*b + 186. Let d be j(18). Calculate the highest common factor of d and 12.
6
Let h = -8 + 13. Let n = 29 - h. What is the highest common divisor of 72 and n?
24
Let q be (-4)/(-6) - (-656)/24. Suppose -4*v + 15*v = 616. What is the highest common divisor of v and q?
28
Let c(z) be the second derivative of 1/12*z**4 - 5*z + 5/3*z**3 + 8*z**2 + 0. Let w be c(-10). What is the highest common divisor of 24 and w?
8
Let r = 198 - 156. Calculate the highest common factor of r and 126.
42
Let s(v) = 7*v**2 - 27*v + 10. Let p be s(6). What is the highest common factor of 4 and p?
4
Let i be (-11 + -2 + 1)/(1 - -1). Let u be 27/2 - 3/i. Let s = -23 + 51. What is the highest common divisor of u and s?
14
Suppose 23*z - 1171 = 3981. Calculate the greatest common divisor of 140 and z.
28
Suppose 0 = -4*v + 12 - 20, -5*v + 342 = 2*y. What is the highest common factor of 572 and y?
44
Suppose -3*q - 16*q + 627 = 0. Calculate the highest common divisor of 561 and q.
33
Let m be ((-12)/(-78) - 6593/13) + 2. Let o be m/(-50) - 1/10. What is the greatest common divisor of 4 and o?
2
Suppose 41 + 79 = 8*r. Calculate the greatest common factor of 2235 and r.
15
Let m be (-14)/4*(198/(-21) + -2). What is the greatest common divisor of 100 and m?
20
Suppose 645*y + 16 = 646*y. Calculate the highest common divisor of y and 496.
16
Let c be (-38 - -14)*1/2. Let x be ((-396)/20)/(c/40). What is the greatest common divisor of x and 6?
6
Let c(b) = 2*b**2 + 4*b + 3. Let o be c(-7). Suppose -5*k + o = -32. Calculate the greatest common divisor of k and 63.
21
Let a be (1/2)/(13/(-6630)). Let v be (-2)/10 - a/25. Calculate the greatest common divisor of 110 and v.
10
Suppose 330 = 2*i + 70. What is the greatest common divisor of 169 and i?
13
Let j(r) = -r**2 + 11*r - 6. Let z be 4/2*(11 - 9). Suppose -f + 1 = 2*p, -3*p - 44 = -z*f - p. Let a be j(f). Calculate the greatest common divisor of a and 8.
4
Let a(u) = 9*u**3 - 2*u + 1. Let d be a(1). Let o be (5 - -1)/((-2)/6). Let i be (o/d)/((-3)/60). Calculate the highest common factor of 30 and i.
15
Let h = -341 + 506. What is the highest common divisor of h and 33?
33
Suppose 3*f - 141 = -2*f + 3*h, 4*h - 12 = 0. Calculate the greatest common divisor of 10 and f.
10
Suppose -3 = -4*k - 23, a + 3*k - 52 = 0. Let p = a + -35. Calculate the highest common factor of p and 64.
32
Let n(s) = -s**2 + 37*s + 170. Let z be n(35). What is the highest common factor of z and 200?
40
Let h(v) be the third derivative of 13*v**5/15 + v**4/24 + v**3/6 + 9*v**2. Let a be h(-1). Calculate the greatest common factor of 13 and a.
13
Let a(x) = x - 8. Let i be a(6). Let j(q) = -q**2 - 5*q - 3. Let c be j(i). Calculate the highest common factor of 12 and c.
3
Let i be 5 - (-8)/(-8) - -1124. Calculate the greatest common divisor of 12 and i.
12
Let o(t) = -7*t**2 - 5*t - 17. Let r = 40 + -48. Let p be o(r). Let n be (6 - 0)*p/(-102). Calculate the highest common factor of n and 25.
25
Let f be (1/((-1)/(-1)))/(-1). Let b be (-50)/f*2/5. Let o(i) = i**2 + 23*i + 110. Let r be o(-20). What is the greatest common factor of b and r?
10
Let m be 55320/75 - 2/(-5). What is the highest common factor of m and 164?
82
Let z be 15/9 - 2/(-6). Suppose -z*u = -4*u - 4*h + 62, -u = -5*h - 38. Calculate the greatest common divisor of 297 and u.
33
Suppose g + 5*b = 8*b + 26, 0 = -2*g - 2*b + 20. Let i = 27 + -7. Let c be i + (-1 - (-4 + 2)). What is the greatest common factor of g and c?
7
Suppose 4*q + 20 = -4*h, -h - 15 = -2*h + 3*q. Let x be (-2 - -2 - h)/2. Suppose x = 9*s - 375 - 273. What is the greatest common factor of 180 and s?
36
Let w(t) = t**2 + 59*t - 604. Let m be w(9). Let a = 8 + -5. Let s be 119/3 + 1/a. What is the highest common divisor of s and m?
8
Suppose -18*y + 4*y = -1344. What is the greatest common factor of y and 18?
6
Suppose 5 = 4*x - 59. Let z(o) = -o**3 + 2*o**2 - 2*o - 2. Let t be z(0). Let v be -2*(-6 + t/1). What is the highest common divisor of v and x?
16
Let p be ((-3)/(-5))/(2/20). Let m = p + 2. Suppose -124*b = -119*b - 20. What is the highest common factor of b and m?
4
Let g = -102 + 104. Suppose -2*s - g*s + u + 512 = 0, 2*u = -5*s + 640. What is the highest common divisor of s and 8?
8
Let y = 5187 - 5145. Suppose -7 = -4*k + 21. Calculate the highest common divisor of y and k.
7
Suppose 2*b + 6*r - r - 33 = 0, 3*r = b + 11. Suppose 101 = b*j - 27. Let d = j + -23. What is the greatest common divisor of 1 and d?
1
Suppose -91*t - 142 = -92*t - n, -5*t = -2*n - 724. Let w = 1 - -17. Calculate the highest common divisor of w and t.
18
Suppose l = z + 2*l - 367, z - 373 = -3*l. Suppose z = 18*w - 4*w. Calculate the highest common factor of w and 104.
26
Let s(i) = 21*i - 8. Let l be s(-2). Let z = l + 58. Calculate the highest common factor of z and 8.
8
Let u be 35/(-3)*(-2145)/325. What is the greatest co